4))/(-2). Suppose 5*f - 4*i - 607 = 0, b*f + 3*i = 4*f - r. Is f composite?
True
Suppose 0 = 4*g + 4*t - 181572, 22*t - 17*t - 136171 = -3*g. Is g a prime number?
False
Is 1035089 - ((-2 - 13) + -3) prime?
True
Let d = 16 - 196. Is 121128/27 + 40/d a composite number?
True
Let w = 379508 + -221775. Is w prime?
True
Let r be 2/5*(-4 + (-5 - -1424)). Let b = r - 331. Let s = b + 172. Is s a prime number?
False
Suppose 7*f = 30*f - 92. Suppose -f*d + 17276 = -2*c - 0*c, -4*c - 4305 = -d. Is d a prime number?
False
Suppose 0 = -4*b + 4*k + 12, -5*b - 3*k + 3 = -4*k. Suppose -2*o + 2091 + 579 = b. Suppose -s + 2736 = -5*j, s = 3*j + 1411 + o. Is s a composite number?
True
Let w(y) = -y**3 - y**2 - 2*y + 494. Let v be w(0). Suppose -2*h = -2*x + v, -5*x + h - 269 = -1512. Is x a composite number?
True
Let n be -1821*(-6)/(-3) - 3. Let j = 9308 + n. Is j prime?
False
Is 132586/12*(77 + -71) composite?
False
Let g(t) = -45*t**3 + t**2 - 14*t + 481. Is g(-15) prime?
True
Let d be 0 + (10/(-4) - (-15)/(-30)). Let z(t) = -232*t - 43. Is z(d) prime?
True
Suppose -8201 = 2*m - 22145. Suppose 6*l - m = -6*l. Is l a prime number?
False
Suppose -3*l - 957 = -126688 - 16880. Is l composite?
True
Suppose -4*q - 3 - 1 = 2*r, -4*r - 8 = 0. Suppose -2508 = -4*j - q*j. Let a = j + -286. Is a a prime number?
False
Let t = -246 + 468. Let r = t - 159. Suppose -5*m - 1578 = -o - r, 2*o - 3050 = 5*m. Is o composite?
True
Suppose -4*b + 2*l + 126 = 4*l, -b + 36 = -4*l. Let d be ((-5)/((-10)/(-438)))/1. Let q = b - d. Is q a composite number?
False
Let m = -1031235 + 2315866. Is m a composite number?
False
Let h = 174873 - 60820. Is h a prime number?
False
Let s be 180/22 + 80/(-440). Suppose -4*j = -c - s*j + 3105, -5*j - 12441 = -4*c. Is c a composite number?
False
Let z(q) = q**3 + 5*q**2 + 42*q - 67. Is z(28) prime?
True
Let m(s) = 4*s**2 + 3*s - 2. Let p be m(1). Suppose -4*a - 5*j = -109, p*a = -j - 5 + 136. Suppose 10*k - 5*k = -5*h + 100, -h + 5*k = -a. Is h a prime number?
False
Let x(n) = 3*n**2 - 6*n - 2. Let p be x(3). Suppose -p*a + 1356 = 5*a. Let u = a - 82. Is u composite?
False
Suppose -l + 2*w - 119720 = 3*l, -w = 5*l + 149657. Is ((-1)/3*l)/1 composite?
True
Let m = -2550 - -5502. Let g = -1853 + m. Is g a prime number?
False
Suppose -16*w + 22*w + 27486 = 0. Let a = w - -9338. Is a a prime number?
False
Let k(s) = 234*s**2 + 41*s - 45. Let l(q) = 58*q**2 + 10*q - 11. Let d(y) = -2*k(y) + 9*l(y). Suppose 0*f = -3*f + 12. Is d(f) composite?
False
Let d(p) = -585*p**3 + p. Let a be d(-1). Let g = 815 + a. Is g a composite number?
False
Let w be 4/5*(-5904625)/(-50). Suppose 16184 - w = -5*s. Is s a prime number?
False
Suppose 0 = -2*v + 8*v - 30. Suppose -4*y - 7 + 3 = 0, -v*t + 2*y + 2567 = 0. Let j = t + 625. Is j a composite number?
True
Suppose 0*q + q + 17 = 2*p, -2*p = -5*q - 37. Let m be (6*2)/(p - 14/2). Is 6080/24 - (-4)/m a prime number?
False
Let s = 224 + -185. Suppose s*h - 511972 = 164639. Is h prime?
False
Is (1242/243 + -5)/(2/451566) prime?
True
Is (8/20 - 329568/(-5)) + 21 + -20 prime?
False
Suppose -5*y + 22*y = 49623. Let o = y + -2020. Is o prime?
False
Let m(c) = 2310*c - 1. Let b be m(-3). Let t(y) = -113*y + 3104. Let f be t(-60). Let l = b + f. Is l a composite number?
False
Suppose 3*i - 1019374 + 261335 = -4*c, 5*c + 1263410 = 5*i. Is i/117 + (-4)/(-3) composite?
False
Suppose -4*q + 5*u = -244, -2*q = -3*q + 3*u + 68. Suppose -15654 = -62*j + q*j. Is j a composite number?
False
Let m = -546 + 3733. Suppose m = w + 782. Suppose -12*z = z - w. Is z a composite number?
True
Let m(x) be the first derivative of 1790*x**3 + 8*x**2 - 15*x - 82. Is m(1) a composite number?
True
Let v(y) = 48*y**2 - 29*y - 5. Suppose -1458 + 1410 = 6*h. Is v(h) a prime number?
True
Suppose 0 = -k, 13029 = 5*q + 5*k - 14666. Is q composite?
True
Let q = 587508 - 238465. Is q a prime number?
True
Let u = -7959 + 14793. Suppose -8604 - u = -3*g - 3*c, 5*c - 5166 = -g. Let x = g - 1918. Is x a prime number?
False
Suppose -110*d + 5207880 = -643460. Is d a prime number?
False
Suppose -60*t - 317*t + 79*t + 36314578 = 0. Is t a composite number?
True
Suppose -3*h + 13442 = -4*t, -3*t = -4*h + 4917 + 5168. Let q = -2292 - t. Is q a composite number?
True
Let z = 9961 + -4271. Let c = z + -2535. Is c prime?
False
Suppose 4*n - 71551 = 3*v + 40201, -55862 = -2*n + 5*v. Is n composite?
False
Suppose u + 10 = -2*u + 4*h, 0 = 5*h - 20. Is (u - -3392)/(186/(-66) + 3) a composite number?
True
Suppose -5*r + 2*m + 4 = -17, 2*r = 4*m + 18. Let y be r - 6/(-9)*(-6)/4. Suppose 0 = -j + 5*z + 89, 3*j + y*j + z = 341. Is j a composite number?
True
Let j be (-8)/(-20) - (-3268)/5. Suppose 5*o - 333 - 1054 = -3*n, -8 = 2*o. Suppose q - j = n. Is q a composite number?
False
Let q(z) = 22*z + 14 + 16*z - 36*z. Let f be q(-6). Suppose -2*x - f*s - s + 6784 = 0, 2*s = 4*x - 13552. Is x composite?
False
Suppose 44*z - 372366 = 324550. Is z a prime number?
False
Let w(v) = 7*v - 6*v**2 + v**3 - 5 + 2 - 2*v**3 + 0*v**3. Let c be w(-7). Is (-267)/c - (-4 - -8) composite?
True
Let r(m) = 2593*m**3 + 2*m**2 - 4*m + 3. Suppose 4*f + f - 595 = 0. Let d = f + -118. Is r(d) composite?
True
Suppose -3*r - 12 = -2*x, 4*r - 9*r = -4*x + 22. Let u(g) = g**x + 9 + 0 + 8*g**2 - 19*g + 20*g. Is u(-5) composite?
False
Let i = -352 - -361. Suppose -i*m + 94904 = -m. Is m a prime number?
True
Let i = -13098 + 40763. Suppose -5*m + i = -2*b - 1731, 5*m + 4*b - 29378 = 0. Is m prime?
False
Let x(o) = -595*o**3 - 4*o**2 + 5*o. Let s be x(2). Let u = s + 7627. Is u prime?
True
Let h = -535 - -549. Is (-28)/4*(-18254)/h a composite number?
False
Let x = 35396 - 20427. Is x prime?
True
Suppose 6 = -2*k + 500. Suppose 2*v = -5*x + 1648, 2*v - x - 1713 + 41 = 0. Let m = v - k. Is m composite?
False
Let u be 70/40*(-1 - 43). Let z = u + 79. Suppose 5*m - 6*m - 2362 = -3*n, -m - 1575 = -z*n. Is n a prime number?
True
Suppose 6*l - 434446 = -2*m, 743832 = 4*m - l - 124956. Is m composite?
False
Let b = 360 - 346. Suppose -5*y = 4*r - 22861, -b*r = -5*y - 15*r + 22849. Is y a composite number?
True
Is (9 - (3 - -1))/((-145)/(-1832713)) a composite number?
False
Let i be (-24)/(-11) - 36/198. Is i + 42293/11 + (-40)/(-220) composite?
False
Suppose 263 = -6*y - 9139. Is (-2 + 2 - y) + (-8 - -8) a composite number?
False
Let f(n) be the third derivative of 1951*n**4/24 - 55*n**3/2 - 28*n**2. Is f(4) composite?
False
Is 18771 - (52/(-65) + 24/(-20)) composite?
False
Let b(c) = -c**2 - 26*c - 51. Let i be b(-22). Suppose 2*n + 27 = i. Suppose 3793 = 3*h + 4*y, 6627 - 348 = n*h - 4*y. Is h prime?
True
Suppose -144 = -4*x + 3*q, -5*x = -0*q - q - 169. Let c(b) = -b**3 + 33*b**2 + 44*b + 7. Is c(x) a prime number?
True
Suppose 0 = 2*j - 3*u - 2981, 2991 = 4*j - 2*j - 5*u. Let k be (j - -4) + ((-9)/(-3))/1. Suppose 0*c = -10*c + k. Is c a composite number?
False
Let b = 86 - 87. Let n(r) = -6949*r**2 - 8*r - 14. Let v(u) = 2316*u**2 + 3*u + 5. Let l(g) = -3*n(g) - 8*v(g). Is l(b) a prime number?
False
Suppose -51 - 17 = -2*c. Is (-17)/(c/12) - -2405 composite?
False
Suppose -10*a = -11*a + 2. Let r(n) = 12*n**3 - n**2 + 0*n**2 - n**2 - n**a - 6 + 5*n. Is r(4) composite?
True
Let q(n) = -n**3 - 3*n**2 - 3*n + 1. Let l be q(-1). Suppose -645 = -3*r - 4*c, 0*r = 3*r + l*c - 639. Is r prime?
True
Suppose 0 = -18*i + 15*i - 6336. Let w be -124*837/(-72)*2/(-3). Let y = w - i. Is y composite?
False
Let f = -31079 + 45130. Is f a composite number?
False
Suppose 1274136 + 617230 = 74*i. Is i a prime number?
False
Is 8570546/13 + (254/(-26) - -10) a composite number?
True
Let b be (-18)/4*24/(-36). Suppose -d + 2 - b = 0. Let p(r) = 448*r**2 - 3*r - 2. Is p(d) prime?
True
Suppose 18128 + 12856 = 8*r. Suppose 5*u = 2*y - r, -9*y + u = -6*y - 5842. Is y a prime number?
True
Let u = -11887 - -63528. Is u a composite number?
True
Let m(u) = -2553*u - 26 + 28 + 11 + 22 + 18. Is m(-4) prime?
False
Suppose -6*d = -17*d + 220. Suppose d*r = 7*r + 5811. Is r a prime number?
False
Let s be 0 - 4 - 5/(10/(-2284)). Let f = s - 813. Suppose -g + f = 4*g. Is g composite?
True
Let s(j) = 5*j - 7. Let u be s(2). Is 2819*(u - 0 - (-19 - -21)) prime?
True
Suppose -11*y + 16*y + 85278 = 2*c, -5*c + 3*y + 213157 = 0. Is c a prime number?
Fal